{"id":17,"date":"2026-03-03T22:17:16","date_gmt":"2026-03-03T21:17:16","guid":{"rendered":"http:\/\/adelphiegraphe.fr\/?page_id=17"},"modified":"2026-03-16T13:12:09","modified_gmt":"2026-03-16T12:12:09","slug":"17-2","status":"publish","type":"page","link":"https:\/\/adelphiegraphe.fr\/","title":{"rendered":""},"content":{"rendered":"\n<div class=\"wp-block-group alignfull has-global-padding is-layout-constrained wp-container-core-group-is-layout-c75e7cd3 wp-block-group-is-layout-constrained\" style=\"min-height:0vh;margin-top:0;margin-bottom:0;padding-top:0;padding-right:var(--wp--preset--spacing--40);padding-bottom:0;padding-left:var(--wp--preset--spacing--40)\">\n<div class=\"wp-block-group has-global-padding is-layout-constrained wp-container-core-group-is-layout-346627ba wp-block-group-is-layout-constrained\">\n<h2 class=\"wp-block-heading has-text-align-center has-xx-large-font-size\" style=\"margin-right:0;margin-left:0;padding-right:0;padding-left:0\">Lancez-\u200bvous pour \u00e9crire votre histoire<\/h2>\n\n\n\n<p class=\"has-text-align-center\">Pour savoir o\u00f9 l\u2019on va, on a&nbsp;besoin de savoir d\u2019o\u00f9 l\u2019on vient. La g\u00e9n\u00e9alogie peut vous aider \u00e0&nbsp;cela. Je vous propose de vous accompagner dans ce voyage vers le&nbsp;pass\u00e9.<\/p>\n<\/div>\n\n\n\n<div style=\"height:100px\" aria-hidden=\"true\" class=\"wp-block-spacer\"><\/div>\n<\/div>\n\n\n\n<div class=\"wp-block-group alignfull is-style-section-1 is-nowrap is-layout-flex wp-container-core-group-is-layout-560e8266 wp-block-group-is-layout-flex is-style-section-1--1\" style=\"border-style:none;border-width:0px;margin-top:0;margin-bottom:0;padding-top:var(--wp--preset--spacing--50);padding-right:var(--wp--preset--spacing--50);padding-bottom:var(--wp--preset--spacing--50);padding-left:var(--wp--preset--spacing--50);box-shadow:none\">\n<div class=\"wp-block-columns alignwide is-layout-flex wp-container-core-columns-is-layout-66fad18a wp-block-columns-is-layout-flex\">\n<div class=\"wp-block-column is-vertically-aligned-center has-global-padding is-content-justification-center is-layout-constrained wp-container-core-column-is-layout-56bc7bf5 wp-block-column-is-layout-constrained\" style=\"padding-right:var(--wp--preset--spacing--50);flex-basis:20%\">\n<div class=\"wp-block-group has-global-padding is-layout-constrained wp-block-group-is-layout-constrained\" style=\"margin-top:-12vw\">\n<div style=\"height:163px\" aria-hidden=\"true\" class=\"wp-block-spacer\"><\/div>\n<\/div>\n\n\n\n<figure class=\"wp-block-image alignwide size-large\" style=\"margin-right:0;margin-left:0\"><img loading=\"lazy\" decoding=\"async\" width=\"1024\" height=\"1024\" src=\"http:\/\/adelphiegraphe.fr\/wp-content\/uploads\/2026\/03\/logo_vecto_bleu_square-1024x1024.png\" alt class=\"wp-image-7\" srcset=\"https:\/\/adelphiegraphe.fr\/wp-content\/uploads\/2026\/03\/logo_vecto_bleu_square-1024x1024.png 1024w, https:\/\/adelphiegraphe.fr\/wp-content\/uploads\/2026\/03\/logo_vecto_bleu_square-300x300.png 300w, https:\/\/adelphiegraphe.fr\/wp-content\/uploads\/2026\/03\/logo_vecto_bleu_square-150x150.png 150w, https:\/\/adelphiegraphe.fr\/wp-content\/uploads\/2026\/03\/logo_vecto_bleu_square-768x768.png 768w, https:\/\/adelphiegraphe.fr\/wp-content\/uploads\/2026\/03\/logo_vecto_bleu_square-1536x1536.png 1536w, https:\/\/adelphiegraphe.fr\/wp-content\/uploads\/2026\/03\/logo_vecto_bleu_square-2048x2048.png 2048w\" sizes=\"auto, (max-width: 1024px) 100vw, 1024px\"><\/figure>\n<\/div>\n\n\n\n<div class=\"wp-block-column is-vertically-aligned-center is-layout-flow wp-block-column-is-layout-flow\" style=\"padding-right:0;padding-left:0;flex-basis:80%\">\n<div class=\"wp-block-group is-vertical is-layout-flex wp-container-core-group-is-layout-fe9cc265 wp-block-group-is-layout-flex\">\n<h2 class=\"wp-block-heading is-style-text-annotation is-style-text-annotation--2\">\u00c0 propos de&nbsp;moi<\/h2>\n<\/div>\n\n\n\n<p class=\"is-style-text-subtitle is-style-text-subtitle--3\" style=\"font-size:clamp(1.066rem, 1.066rem + ((1vw - 0.2rem) * 0.916), 1.65rem);\">Je r\u00e9alise des recherches g\u00e9n\u00e9alogiques et historiques depuis plus de douze ans. Cela m\u2019a conduit \u00e0&nbsp;fr\u00e9quenter de nombreux services d\u2019archives (municipales, d\u00e9partementales et nationales).<\/p>\n\n\n\n<p class=\"is-style-text-subtitle is-style-text-subtitle--4\" style=\"font-size:clamp(1.066rem, 1.066rem + ((1vw - 0.2rem) * 0.916), 1.65rem);\">Sociologue de formation, je suis particuli\u00e8rement attentif aux dimensions sociales dans la vie de nos anc\u00eatres. L\u2019exp\u00e9rience de la recherche scientifique me conduit \u00e0&nbsp;suivre une m\u00e9thodologie pr\u00e9cise et rigoureuse, me permettant de resituer socialement et historiquement les histoires retrouv\u00e9es.<\/p>\n\n\n\n<p class=\"is-style-text-subtitle is-style-text-subtitle--5\" style=\"font-size:clamp(1.066rem, 1.066rem + ((1vw - 0.2rem) * 0.916), 1.65rem);\">Mon exp\u00e9rience d\u2019enseignant en lyc\u00e9e puis en universit\u00e9 depuis pr\u00e8s de dix ans contribue \u00e0&nbsp;mon souhait de proposer un accompagnement attentif et compr\u00e9hensif, pour vous permettre de garder le contr\u00f4le de vos recherches.<\/p>\n<\/div>\n<\/div>\n<\/div>\n\n\n\n<div class=\"wp-block-group alignfull has-global-padding is-layout-constrained wp-container-core-group-is-layout-ebee8dc1 wp-block-group-is-layout-constrained\" style=\"border-style:none;border-width:0px;margin-top:0;margin-bottom:0;padding-top:var(--wp--preset--spacing--50);padding-bottom:var(--wp--preset--spacing--50)\">\n<h2 class=\"wp-block-heading has-text-align-center\">Ce que je vous propose<\/h2>\n\n\n\n<div class=\"wp-block-columns alignwide are-vertically-aligned-top is-style-default is-layout-flex wp-container-core-columns-is-layout-bd33f0e5 wp-block-columns-is-layout-flex\" style=\"border-style:none;border-width:0px;border-top-left-radius:5px;border-top-right-radius:5px;border-bottom-left-radius:5px;border-bottom-right-radius:5px;padding-top:0;padding-right:0;padding-bottom:0;padding-left:0\">\n<div class=\"wp-block-column is-vertically-aligned-top is-style-section-4 is-layout-flow wp-block-column-is-layout-flow is-style-section-4--6\" style=\"border-top-left-radius:5px;border-top-right-radius:5px;border-bottom-left-radius:5px;border-bottom-right-radius:5px;padding-top:var(--wp--preset--spacing--30);padding-right:var(--wp--preset--spacing--30);padding-bottom:var(--wp--preset--spacing--30);padding-left:var(--wp--preset--spacing--30);box-shadow:var(--wp--preset--shadow--natural)\">\n<figure class=\"wp-block-image size-full\" style=\"margin-bottom:24px\"><img loading=\"lazy\" decoding=\"async\" width=\"719\" height=\"412\" src=\"http:\/\/adelphiegraphe.fr\/wp-content\/uploads\/2026\/03\/Family_tree_test1.jpg\" alt class=\"wp-image-25\" srcset=\"https:\/\/adelphiegraphe.fr\/wp-content\/uploads\/2026\/03\/Family_tree_test1.jpg 719w, https:\/\/adelphiegraphe.fr\/wp-content\/uploads\/2026\/03\/Family_tree_test1-300x172.jpg 300w\" sizes=\"auto, (max-width: 719px) 100vw, 719px\"><\/figure>\n\n\n\n<h3 class=\"wp-block-heading\">Remont\u00e9e d\u2019ascendance<\/h3>\n\n\n\n<p class=\"is-style-default has-medium-font-size\">Je remonte seul ou avec vous votre ascendance (ou une partie de votre ascendance) sur plusieurs g\u00e9n\u00e9rations, selon votre projet.<\/p>\n\n\n\n<p class=\"is-style-default has-medium-font-size\">Remonter \u00e0&nbsp;8 g\u00e9n\u00e9ration permet par exemple de balayer tout le 19<sup>e<\/sup> si\u00e8cle.<\/p>\n<\/div>\n\n\n\n<div class=\"wp-block-column is-vertically-aligned-top is-style-section-4 is-layout-flow wp-block-column-is-layout-flow is-style-section-4--7\" style=\"border-top-left-radius:5px;border-top-right-radius:5px;border-bottom-left-radius:5px;border-bottom-right-radius:5px;padding-top:var(--wp--preset--spacing--30);padding-right:var(--wp--preset--spacing--30);padding-bottom:var(--wp--preset--spacing--30);padding-left:var(--wp--preset--spacing--30);box-shadow:var(--wp--preset--shadow--natural)\">\n<figure class=\"wp-block-image aligncenter size-full is-resized\" style=\"margin-bottom:24px\"><img loading=\"lazy\" decoding=\"async\" width=\"1556\" height=\"2560\" src=\"http:\/\/adelphiegraphe.fr\/wp-content\/uploads\/2026\/03\/appoline-scaled.jpg\" alt class=\"wp-image-27\" style=\"aspect-ratio:0.6666666666666666;object-fit:cover;width:205px;height:auto\" srcset=\"https:\/\/adelphiegraphe.fr\/wp-content\/uploads\/2026\/03\/appoline-scaled.jpg 1556w, https:\/\/adelphiegraphe.fr\/wp-content\/uploads\/2026\/03\/appoline-182x300.jpg 182w, https:\/\/adelphiegraphe.fr\/wp-content\/uploads\/2026\/03\/appoline-622x1024.jpg 622w, https:\/\/adelphiegraphe.fr\/wp-content\/uploads\/2026\/03\/appoline-768x1264.jpg 768w, https:\/\/adelphiegraphe.fr\/wp-content\/uploads\/2026\/03\/appoline-934x1536.jpg 934w, https:\/\/adelphiegraphe.fr\/wp-content\/uploads\/2026\/03\/appoline-1245x2048.jpg 1245w\" sizes=\"auto, (max-width: 1556px) 100vw, 1556px\"><\/figure>\n\n\n\n<h3 class=\"wp-block-heading\">Reconstitution de parcours<\/h3>\n\n\n\n<p class=\"has-medium-font-size\">La recherche se concentre sur un individu ou un couple d\u2019individus, pour retrouver les traces de toute une vie (logements, carri\u00e8re militaire, descendance, etc.)<\/p>\n<\/div>\n\n\n\n<div class=\"wp-block-column is-vertically-aligned-top is-style-section-4 is-layout-flow wp-block-column-is-layout-flow is-style-section-4--8\" style=\"border-top-left-radius:5px;border-top-right-radius:5px;border-bottom-left-radius:5px;border-bottom-right-radius:5px;padding-top:var(--wp--preset--spacing--30);padding-right:var(--wp--preset--spacing--30);padding-bottom:var(--wp--preset--spacing--30);padding-left:var(--wp--preset--spacing--30);box-shadow:var(--wp--preset--shadow--natural)\">\n<figure class=\"wp-block-image size-full\" style=\"margin-bottom:24px\"><img loading=\"lazy\" decoding=\"async\" width=\"1699\" height=\"1124\" src=\"http:\/\/adelphiegraphe.fr\/wp-content\/uploads\/2026\/03\/6-Fi-6051-Boulevard-de-la-Gare-1.jpg\" alt class=\"wp-image-29\" style=\"aspect-ratio:4\/3;object-fit:contain\" srcset=\"https:\/\/adelphiegraphe.fr\/wp-content\/uploads\/2026\/03\/6-Fi-6051-Boulevard-de-la-Gare-1.jpg 1699w, https:\/\/adelphiegraphe.fr\/wp-content\/uploads\/2026\/03\/6-Fi-6051-Boulevard-de-la-Gare-1-300x198.jpg 300w, https:\/\/adelphiegraphe.fr\/wp-content\/uploads\/2026\/03\/6-Fi-6051-Boulevard-de-la-Gare-1-1024x677.jpg 1024w, https:\/\/adelphiegraphe.fr\/wp-content\/uploads\/2026\/03\/6-Fi-6051-Boulevard-de-la-Gare-1-768x508.jpg 768w, https:\/\/adelphiegraphe.fr\/wp-content\/uploads\/2026\/03\/6-Fi-6051-Boulevard-de-la-Gare-1-1536x1016.jpg 1536w\" sizes=\"auto, (max-width: 1699px) 100vw, 1699px\"><\/figure>\n\n\n\n<h3 class=\"wp-block-heading\">Histoire immobili\u00e8re<\/h3>\n\n\n\n<p class=\"has-medium-font-size\">Chercher les traces laiss\u00e9es par un bien immobilier. Anciens propri\u00e9taires ou occupants, implantation dans l\u2019histoire d\u2019une commune ou d\u2019un quartier, \u00e9volutions du bien au gr\u00e9 de constructions, etc.<\/p>\n<\/div>\n\n\n\n<div class=\"wp-block-column is-vertically-aligned-top is-style-section-4 is-layout-flow wp-container-core-column-is-layout-6a27151a wp-block-column-is-layout-flow is-style-section-4--9\" style=\"border-top-left-radius:5px;border-top-right-radius:5px;border-bottom-left-radius:5px;border-bottom-right-radius:5px;padding-top:var(--wp--preset--spacing--30);padding-right:var(--wp--preset--spacing--30);padding-bottom:var(--wp--preset--spacing--30);padding-left:var(--wp--preset--spacing--30);box-shadow:var(--wp--preset--shadow--natural)\">\n<h2 class=\"wp-block-heading\">Mais aussi\u2026<\/h2>\n\n\n\n<p class=\"has-medium-font-size\" style=\"margin-top:var(--wp--preset--spacing--30);margin-right:var(--wp--preset--spacing--30);margin-bottom:var(--wp--preset--spacing--30);margin-left:var(--wp--preset--spacing--30)\">\u2212 planification, orientation et accompagnement en vue de recherches en archives&nbsp;;<\/p>\n\n\n\n<p class=\"has-medium-font-size\" style=\"margin-top:var(--wp--preset--spacing--30);margin-right:var(--wp--preset--spacing--30);margin-bottom:var(--wp--preset--spacing--30);margin-left:var(--wp--preset--spacing--30)\">\u2212 accompagnement dans la prise en main d\u2019un logiciel de g\u00e9n\u00e9alogie&nbsp;;<\/p>\n\n\n\n<p class=\"has-medium-font-size\" style=\"margin-top:var(--wp--preset--spacing--30);margin-right:var(--wp--preset--spacing--30);margin-bottom:var(--wp--preset--spacing--30);margin-left:var(--wp--preset--spacing--30)\">\u2212 retranscription de documents anciens&nbsp;;<\/p>\n\n\n\n<p class=\"has-medium-font-size\" style=\"margin-top:var(--wp--preset--spacing--30);margin-right:var(--wp--preset--spacing--30);margin-bottom:var(--wp--preset--spacing--30);margin-left:var(--wp--preset--spacing--30)\">\u2212 autres projets personnalis\u00e9s.<\/p>\n<\/div>\n<\/div>\n\n\n\n<div class=\"wp-block-columns alignwide is-layout-flex wp-container-core-columns-is-layout-e0e4babd wp-block-columns-is-layout-flex\" style=\"padding-right:0;padding-left:0\">\n<div class=\"wp-block-column is-vertically-aligned-center is-layout-flow wp-block-column-is-layout-flow\">\n<figure class=\"wp-block-image aligncenter size-large is-resized has-custom-border\"><img loading=\"lazy\" decoding=\"async\" width=\"2520\" height=\"2488\" src=\"https:\/\/adelphiegraphe.fr\/wp-content\/uploads\/2026\/03\/carte-edited.png\" alt class=\"has-border-color wp-image-79\" style=\"border-color:#b1b1a7;border-width:1px;border-top-left-radius:100px;border-top-right-radius:100px;border-bottom-left-radius:100px;border-bottom-right-radius:100px;box-shadow:var(--wp--preset--shadow--natural);aspect-ratio:1.012850401452844;object-fit:cover;width:476px;height:auto\" srcset=\"https:\/\/adelphiegraphe.fr\/wp-content\/uploads\/2026\/03\/carte-edited.png 2520w, https:\/\/adelphiegraphe.fr\/wp-content\/uploads\/2026\/03\/carte-edited-300x296.png 300w, https:\/\/adelphiegraphe.fr\/wp-content\/uploads\/2026\/03\/carte-edited-1024x1011.png 1024w, https:\/\/adelphiegraphe.fr\/wp-content\/uploads\/2026\/03\/carte-edited-768x758.png 768w, https:\/\/adelphiegraphe.fr\/wp-content\/uploads\/2026\/03\/carte-edited-1536x1516.png 1536w, https:\/\/adelphiegraphe.fr\/wp-content\/uploads\/2026\/03\/carte-edited-2048x2022.png 2048w\" sizes=\"auto, (max-width: 2520px) 100vw, 2520px\"><\/figure>\n<\/div>\n\n\n\n<div class=\"wp-block-column is-vertically-aligned-top is-layout-flow wp-block-column-is-layout-flow\" style=\"flex-basis:60%\">\n<div style=\"height:155px\" aria-hidden=\"true\" class=\"wp-block-spacer\"><\/div>\n\n\n\n<p>Recherches et d\u00e9placements dans l\u2019Ouest, principalement autour du Maine-\u200bet-\u200bLoire et dans les d\u00e9partements limitrophes.<\/p>\n\n\n\n<p>Recherches en ligne dans toute la France.<\/p>\n\n\n\n<div style=\"height:119px\" aria-hidden=\"true\" class=\"wp-block-spacer\"><\/div>\n\n\n\n<p class=\"has-text-align-right has-small-font-size\"><em>(Bleu&nbsp;: d\u00e9partement principal&nbsp;;&nbsp;vert fonc\u00e9&nbsp;: d\u00e9partements possibles facilement&nbsp;;&nbsp;vert clair&nbsp;: d\u00e9partements envisageables)<\/em><\/p>\n<\/div>\n<\/div>\n<\/div>\n\n\n\n<aside class=\"wp-block-group alignfull is-style-section-1 has-global-padding is-layout-constrained wp-container-core-group-is-layout-54e6ef8f wp-block-group-is-layout-constrained is-style-section-1--10\" style=\"margin-top:0;margin-bottom:0;padding-top:var(--wp--preset--spacing--50);padding-right:var(--wp--preset--spacing--20);padding-bottom:var(--wp--preset--spacing--50);padding-left:var(--wp--preset--spacing--20)\">\n<h2 class=\"wp-block-heading has-text-align-center is-style-text-subtitle is-style-text-subtitle--11\">\u00c9crivez-\u200bmoi pour discuter de votre projet<\/h2>\n\n\n<style id=\"wpforms-css-vars-58\">\n\t\t\t\t#wpforms-58 {\n\t\t\t\t--wpforms-container-padding: 0px;\n--wpforms-container-border-width: 1px;\n--wpforms-container-border-radius: 3px;\n--wpforms-background-color: rgba(0, 0, 0, 0);\n--wpforms-field-size-input-height: 43px;\n--wpforms-field-size-input-spacing: 15px;\n--wpforms-field-size-font-size: 16px;\n--wpforms-field-size-line-height: 19px;\n--wpforms-field-size-padding-h: 14px;\n--wpforms-field-size-checkbox-size: 16px;\n--wpforms-field-size-sublabel-spacing: 5px;\n--wpforms-field-size-icon-size: 1;\n--wpforms-label-size-font-size: 16px;\n--wpforms-label-size-line-height: 19px;\n--wpforms-label-size-sublabel-font-size: 14px;\n--wpforms-label-size-sublabel-line-height: 17px;\n--wpforms-button-size-font-size: 17px;\n--wpforms-button-size-height: 41px;\n--wpforms-button-size-padding-h: 15px;\n--wpforms-button-size-margin-top: 10px;\n--wpforms-container-shadow-size-box-shadow: none;\n\t\t\t}\n\t\t\t<\/style><div class=\"wpforms-container wpforms-container-full wpforms-render-modern\" id=\"wpforms-58\"><form id=\"wpforms-form-58\" class=\"wpforms-validate wpforms-form wpforms-ajax-form\" data-formid=\"58\" method=\"post\" enctype=\"multipart\/form-data\" action=\"\/index.php\/wp-json\/wp\/v2\/pages\/17\" data-token=\"10c6f1e9b9d12b3b6280f931effe1f66\" data-token-time=\"1776592857\"><noscript class=\"wpforms-error-noscript\">Veuillez activer JavaScript dans votre navigateur pour remplir ce formulaire.<\/noscript><div id=\"wpforms-error-noscript\" style=\"display: none;\">Veuillez activer JavaScript dans votre navigateur pour remplir ce formulaire.<\/div><div class=\"wpforms-field-container\">\t\t<div id=\"wpforms-58-field_4-container\" class=\"wpforms-field wpforms-field-text\" data-field-type=\"text\" data-field-id=\"4\">\n\t\t\t<label class=\"wpforms-field-label\" for=\"wpforms-58-field_4\">Commentaire Nom message<\/label>\n\t\t\t<input type=\"text\" id=\"wpforms-58-field_4\" class=\"wpforms-field-medium\" name=\"wpforms[fields][4]\">\n\t\t<\/div>\n\t\t<div id=\"wpforms-58-field_1-container\" class=\"wpforms-field wpforms-field-name\" data-field-id=\"1\"><fieldset><legend class=\"wpforms-field-label\">Nom <span class=\"wpforms-required-label\" aria-hidden=\"true\">*<\/span><\/legend><div class=\"wpforms-field-row wpforms-field-medium\"><div class=\"wpforms-field-row-block wpforms-first wpforms-one-half\"><input type=\"text\" id=\"wpforms-58-field_1\" class=\"wpforms-field-name-first wpforms-field-required\" name=\"wpforms[fields][1][first]\" aria-errormessage=\"wpforms-58-field_1-error\" required><label for=\"wpforms-58-field_1\" class=\"wpforms-field-sublabel after\">Pr\u00e9nom<\/label><\/div><div class=\"wpforms-field-row-block wpforms-one-half\"><input type=\"text\" id=\"wpforms-58-field_1-last\" class=\"wpforms-field-name-last wpforms-field-required\" name=\"wpforms[fields][1][last]\" aria-errormessage=\"wpforms-58-field_1-last-error\" required><label for=\"wpforms-58-field_1-last\" class=\"wpforms-field-sublabel after\">Nom<\/label><\/div><\/div><\/fieldset><\/div><div id=\"wpforms-58-field_2-container\" class=\"wpforms-field wpforms-field-email\" data-field-id=\"2\"><label class=\"wpforms-field-label\" for=\"wpforms-58-field_2\">E\u2011mail <span class=\"wpforms-required-label\" aria-hidden=\"true\">*<\/span><\/label><input type=\"email\" id=\"wpforms-58-field_2\" class=\"wpforms-field-medium wpforms-field-required\" name=\"wpforms[fields][2]\" spellcheck=\"false\" aria-errormessage=\"wpforms-58-field_2-error\" required><\/div><div id=\"wpforms-58-field_3-container\" class=\"wpforms-field wpforms-field-textarea\" data-field-id=\"3\"><label class=\"wpforms-field-label\" for=\"wpforms-58-field_3\">Commentaire ou message<\/label><textarea id=\"wpforms-58-field_3\" class=\"wpforms-field-medium\" name=\"wpforms[fields][3]\" aria-errormessage=\"wpforms-58-field_3-error\"><\/textarea><\/div><script>\n\t\t\t\t( function() {\n\t\t\t\t\tconst style = document.createElement( 'style' );\n\t\t\t\t\tstyle.appendChild( document.createTextNode( '#wpforms-58-field_4-container { position: absolute !important; overflow: hidden !important; display: inline !important; height: 1px !important; width: 1px !important; z-index: -1000 !important; padding: 0 !important; } #wpforms-58-field_4-container input { visibility: hidden; } #wpforms-conversational-form-page #wpforms-58-field_4-container label { counter-increment: none; }' ) );\n\t\t\t\t\tdocument.head.appendChild( style );\n\t\t\t\t\tdocument.currentScript?.remove();\n\t\t\t\t} )();\n\t\t\t<\/script><\/div><!-- .wpforms-field-container --><div class=\"wpforms-submit-container\"><input type=\"hidden\" name=\"wpforms[id]\" value=\"58\"><input type=\"hidden\" name=\"page_title\" value><input type=\"hidden\" name=\"page_url\" value=\"https:\/\/adelphiegraphe.fr\/index.php\/wp-json\/wp\/v2\/pages\/17\"><input type=\"hidden\" name=\"url_referer\" value><button type=\"submit\" name=\"wpforms[submit]\" id=\"wpforms-submit-58\" class=\"wpforms-submit\" data-alt-text=\"Envoi...\" data-submit-text=\"Envoyer\" aria-live=\"assertive\" value=\"wpforms-submit\">Envoyer<\/button><img loading=\"lazy\" decoding=\"async\" src=\"https:\/\/adelphiegraphe.fr\/wp-content\/plugins\/wpforms-lite\/assets\/images\/submit-spin.svg\" class=\"wpforms-submit-spinner\" style=\"display: none;\" width=\"26\" height=\"26\" alt=\"Chargement en cours\"><\/div><\/form><\/div>  <!-- .wpforms-container -->\n\n\n\n<p><\/p>\n\n\n\n<p><\/p>\n<\/aside>\n","protected":false},"excerpt":{"rendered":"<p>Lancez-\u200bvous pour \u00e9crire votre histoire Pour savoir o\u00f9 l\u2019on va, on a&nbsp;besoin de savoir d\u2019o\u00f9 l\u2019on vient. La g\u00e9n\u00e9alogie peut vous aider \u00e0&nbsp;cela. Je vous propose de vous accompagner dans ce voyage vers le&nbsp;pass\u00e9. \u00c0&nbsp;propos de&nbsp;moi Je r\u00e9alise des recherches g\u00e9n\u00e9alogiques et historiques depuis plus de douze ans. Cela m\u2019a conduit \u00e0&nbsp;fr\u00e9quenter de nombreux&nbsp;[\u2026]<\/p>\n","protected":false},"author":2,"featured_media":0,"parent":0,"menu_order":0,"comment_status":"closed","ping_status":"closed","template":"","meta":{"wp_typography_post_enhancements_disabled":false,"footnotes":""},"class_list":["post-17","page","type-page","status-publish","hentry"],"_links":{"self":[{"href":"https:\/\/adelphiegraphe.fr\/index.php\/wp-json\/wp\/v2\/pages\/17","targetHints":{"allow":["GET"]}}],"collection":[{"href":"https:\/\/adelphiegraphe.fr\/index.php\/wp-json\/wp\/v2\/pages"}],"about":[{"href":"https:\/\/adelphiegraphe.fr\/index.php\/wp-json\/wp\/v2\/types\/page"}],"author":[{"embeddable":true,"href":"https:\/\/adelphiegraphe.fr\/index.php\/wp-json\/wp\/v2\/users\/2"}],"replies":[{"embeddable":true,"href":"https:\/\/adelphiegraphe.fr\/index.php\/wp-json\/wp\/v2\/comments?post=17"}],"version-history":[{"count":35,"href":"https:\/\/adelphiegraphe.fr\/index.php\/wp-json\/wp\/v2\/pages\/17\/revisions"}],"predecessor-version":[{"id":106,"href":"https:\/\/adelphiegraphe.fr\/index.php\/wp-json\/wp\/v2\/pages\/17\/revisions\/106"}],"wp:attachment":[{"href":"https:\/\/adelphiegraphe.fr\/index.php\/wp-json\/wp\/v2\/media?parent=17"}],"curies":[{"name":"wp","href":"https:\/\/api.w.org\/{rel}","templated":true}]}}